 to base 7
-23
What is 15 (base 6) in base 3?
102
-10202 (base 3) to base 9
-122
-45 (base 11) to base 6
-121
Convert a (base 13) to base 10.
10
-10111110 (base 2) to base 7
-361
-1 (base 3) to base 10
-1
What is -15 (base 7) in base 5?
-22
Convert 65 (base 14) to base 10.
89
101 (base 2) to base 11
5
What is 110110 (base 2) in base 6?
130
Convert 411 (base 7) to base 14.
108
Convert 2 (base 4) to base 3.
2
Convert 34 (base 6) to base 8.
26
4 (base 11) to base 2
100
Convert 11 (base 4) to base 14.
5
What is 3 (base 11) in base 4?
3
Convert 2 (base 16) to base 14.
2
111110 (base 2) to base 3
2022
What is -d (base 14) in base 12?
-11
Convert 21 (base 6) to base 8.
15
What is 348 (base 10) in base 7?
1005
-10210 (base 3) to base 2
-1100110
5 (base 16) to base 14
5
a (base 13) to base 15
a
Convert 0 (base 5) to base 13.
0
What is -50 (base 14) in base 15?
-4a
-113 (base 6) to base 9
-50
Convert 241 (base 7) to base 4.
1333
Convert -4 (base 13) to base 10.
-4
What is -401 (base 6) in base 14?
-a5
64 (base 11) to base 2
1000110
What is 1235 (base 6) in base 13?
1ac
23 (base 5) to base 13
10
What is -1 (base 8) in base 14?
-1
Convert 5 (base 9) to base 12.
5
What is -157 (base 9) in base 7?
-250
91 (base 12) to base 2
1101101
-36 (base 11) to base 4
-213
-1 (base 6) to base 13
-1
1014 (base 5) to base 16
86
-1 (base 10) to base 5
-1
Convert 11 (base 6) to base 15.
7
What is 24 (base 6) in base 16?
10
What is -26 (base 7) in base 8?
-24
What is 1 (base 2) in base 4?
1
215 (base 12) to base 16
131
Convert -7 (base 10) to base 4.
-13
2 (base 6) to base 12
2
Convert -5 (base 6) to base 3.
-12
Convert -1 (base 9) to base 10.
-1
What is 1 (base 16) in base 7?
1
-325 (base 8) to base 13
-135
-3 (base 8) to base 15
-3
What is 140 (base 6) in base 5?
220
39 (base 16) to base 14
41
Convert -1 (base 10) to base 12.
-1
Convert 112 (base 3) to base 7.
20
Convert -10 (base 4) to base 10.
-4
2110 (base 3) to base 11
60
Convert 2 (base 12) to base 14.
2
0 (base 14) to base 8
0
-12 (base 15) to base 9
-18
What is -22 (base 5) in base 13?
-c
Convert 144 (base 10) to base 8.
220
What is -10011110 (base 2) in base 9?
-185
Convert 10 (base 4) to base 12.
4
Convert -110 (base 6) to base 7.
-60
What is -5 (base 6) in base 11?
-5
What is 20 (base 10) in base 13?
17
Convert -5 (base 7) to base 10.
-5
Convert 14 (base 8) to base 6.
20
What is -1 (base 3) in base 9?
-1
-5 (base 9) to base 14
-5
-15 (base 10) to base 14
-11
What is -4 (base 6) in base 9?
-4
Convert 31 (base 6) to base 5.
34
What is 0 (base 15) in base 3?
0
What is 1122 (base 3) in base 9?
48
What is 45 (base 14) in base 5?
221
Convert 62 (base 14) to base 6.
222
What is -114 (base 6) in base 7?
-64
Convert -21 (base 4) to base 9.
-10
What is 3 (base 5) in base 9?
3
What is -2 (base 12) in base 7?
-2
-130 (base 4) to base 15
-1d
Convert -14 (base 9) to base 2.
-1101
-15 (base 6) to base 10
-11
Convert -a7 (base 14) to base 12.
-103
What is 1001 (base 2) in base 13?
9
3 (base 6) to base 15
3
What is -1c (base 14) in base 3?
-222
Convert 111 (base 3) to base 8.
15
What is 34 (base 5) in base 11?
18
Convert 1 (base 11) to base 7.
1
-133 (base 6) to base 8
-71
Convert 3 (base 16) to base 6.
3
b (base 14) to base 6
15
Convert -5 (base 9) to base 11.
-5
3 (base 7) to base 15
3
What is -7 (base 16) in base 9?
-7
Convert -12 (base 16) to base 3.
-200
What is a0 (base 15) in base 6?
410
Convert -2 (base 13) to base 16.
-2
Convert -17 (base 10) to base 6.
-25
Convert -2 (base 8) to base 14.
-2
What is 11 (base 5) in base 12?
6
What is -51 (base 6) in base 5?
-111
3 (base 14) to base 12
3
Convert 0 (base 4) to base 3.
0
-210 (base 3) to base 11
-1a
Convert 19 (base 11) to base 7.
26
1 (base 6) to base 4
1
Convert 3 (base 7) to base 10.
3
Convert 7 (base 12) to base 10.
7
ab (base 15) to base 14
b7
What is -26 (base 10) in base 6?
-42
2 (base 16) to base 14
2
2 (base 14) to base 10
2
-2 (base 3) to base 6
-2
1001 (base 2) to base 12
9
Convert 2 (base 13) to base 10.
2
What is -412 (base 5) in base 4?
-1223
-3 (base 9) to base 14
-3
Convert 76 (base 9) to base 13.
54
What is a (base 15) in base 14?
a
What is 3b (base 16) in base 12?
4b
Convert -27 (base 10) to base 13.
-21
62 (base 9) to base 12
48
What is -15 (base 7) in base 5?
-22
Convert -4 (base 11) to base 13.
-4
What is 1002 (base 3) in base 14?
21
What is -17 (base 14) in base 13?
-18
Convert 11 (base 7) to base 9.
8
230 (base 4) to base 10
44
-120 (base 4) to base 16
-18
What is 13 (base 12) in base 7?
21
4 (base 14) to base 5
4
-1 (base 3) to base 11
-1
What is 220 (base 4) in base 2?
101000
Convert -5 (base 6) to base 10.
-5
What is -21 (base 4) in base 2?
-1001
10 (base 2) to base 10
2
What is -13 (base 6) in base 16?
-9
Convert -100 (base 2) to base 7.
-4
173 (base 14) to base 2
100101001
2 (base 4) to base 12
2
2 (base 15) to base 14
2
Convert 34 (base 6) to base 2.
10110
What is -2c (base 13) in base 14?
-2a
Convert -1110 (base 3) to base 8.
-47
What is 2 (base 6) in base 10?
2
Convert -3 (base 6) to base 7.
-3
22 (base 5) to base 4
30
53 (base 9) to base 13
39
-2 (base 10) to base 9
-2
Convert 95 (base 16) to base 13.
b6
What is -10001101 (base 2) in base 9?
-166
-4 (base 8) to base 10
-4
-84 (base 10) to base 7
-150
What is 1 (base 14) in base 13?
1
-65 (base 7) to base 4
-233
Convert 1b (base 16) to base 5.
102
3 (base 7) to base 3
10
What is 1 (base 2) in base 6?
1
What is 3 (base 12) in base 4?
3
151 (base 11) to base 2
10110001
-64 (base 9) to base 7
-112
29 (base 10) to base 6
45
Convert -4 (base 16) to base 5.
-4
-3 (base 8) to base 11
-3
What is 0 (base 16) in base 15?
0
What is -10010000 (base 2) in base 3?
-12100
Convert 3 (base 15) to base 3.
10
What is 3 (base 12) in base 15?
3
66 (base 12) to base 9
86
Convert 1 (base 5) to base 12.
1
Convert 6 (base 9) to base 7.
6
Convert 110 (base 2) to base 7.
6
21 (base 5) to base 7
14
Convert 5 (base 11) to base 2.
101
What is -4 (base 8) in base 9?
-4
Convert 1 (base 15) to base 3.
1
Convert 6 (base 10) to base 2.
110
What is -1 (base 4) in base 14?
-1
What is -250 (base 6) in base 5?
-402
-230 (base 5) to base 8
-101
What is -220 (base 3) in base 8?
-30
What is -1 (base 13) in base 4?
-1
-5 (base 11) to base 6
-5
What is 25 (base 15) in base 9?
38
What is 30 (base 12) in base 2?
100100
What is 2000 (base 3) in base 15?
39
Convert 12 (base 16) to base 12.
16
What is -1 (base 6) in base 12?
-1
What is 1 (base 15) in base 8?
1
Convert 6 (base 13) to base 14.
6
-52 (base 8) to base 3
-1120
-4 (base 6) to base 16
-4
Convert -b (base 16) to base 12.
-b
Convert -6 (base 10) to base 9.
-6
1 (base 11) to base 6
1
16 (base 7) to base 2
1101
What is -83 (base 13) in base 5?
-412
Convert 110010 (base 2) to base 9.
55
Convert 11 (base 3) to base 10.
4
11112 (base 3) to base 7
233
Convert 230 (base 7) to base 12.
9b
2 (base 13) to base 8
2
What is 11 (base 4) in base 12?
5
Convert 12 (base 5) to base 4.
13
What is 0 (base 9) in base 12?
0
Convert -10d (base 14) to base 4.
-3101
Convert -10 (base 3) to base 13.
-3
Convert 15 (base 9) to base 16.
e
Convert -36 (base 11) to base 14.
-2b
What is -12 (base 6) in base 8?
-10
47 (base 10) to base 9
52
Convert 131 (base 11) to base 12.
10b
2c (base 13) to base 16
26
Convert -120 (base 4) to base 14.
-1a
1 (base 5) to base 10
1
-1 (base 11) to base 8
-1
What is 0 (base 6) in base 16?
0
Convert 51 (base 6) to base 10.
31
Convert 4 (base 10) to base 7.
4
What is 2a (base 12) in base 7?
46
Convert -13 (base 10) to base 14.
-d
What is 5 (base 14) in base 8?
5
What is 28 (base 10) in base 15?
1d
Convert 1 (base 12) to base 15.
1
1 (base 16) to base 6
1
-3 (base 4) to base 9
-3
What is 5 (base 10) in base 13?
5
4 (base 6) to base 5
4
Convert -133 (base 4) to base 12.
-27
-47 (base 13) to base 3
-2012
What is -7 (base 15) in base 8?
-7
What is -4 (base 10) in base 13?
-4
What is 6 (base 16) in base 14?
6
What is 141 (base 7) in base 10?
78
What is -53 (base 12) in base 6?
-143
Convert 2 (base 3) to base 4.
2
What is 4 (base 8) in base 12?
4
Convert 16 (base 7) to base 13.
10
5 (base 8) to base 12
5
What is 10 (base 4) in base 12?
4
93 (base 10) to base 9
113
What is a6 (base 14) in base 2?
10010010
What is -10 (base 7) in base 15?
-7
What is 23 (base 8) in base 12?
17
-3 (base 10